-11
Let t(n) = -17979*n + 449450. Calculate t(25).
-25
Let h(m) = 2*m**2 - 186*m - 350. Calculate h(89).
-1062
Let u(f) = 358*f - 23152. Give u(65).
118
Let l(t) = -8923*t - 356918. What is l(-40)?
2
Let o(u) = 5*u**2 + 24*u - 83. Calculate o(-7).
-6
Let w(i) = -29*i**2 - 46*i + 77. Calculate w(4).
-571
Let i(x) = 272*x - 11457. Give i(42).
-33
Let t(d) = -624*d + 10474. Calculate t(16).
490
Let l(r) = r**3 - 14*r**2 - 252*r + 1. Calculate l(-11).
-252
Let y(c) = 790*c - 6418. What is y(8)?
-98
Let z(x) = 14*x**3 + 362*x**2 - 41*x - 24. What is z(-26)?
-310
Let w(s) = 4*s**2 + 360*s + 6680. Give w(-64).
24
Let r(d) = -14*d**2 - 705*d + 42. What is r(-52)?
-1154
Let r(d) = 11450*d + 778596. Give r(-68).
-4
Let a(o) = -4701*o - 211674. What is a(-45)?
-129
Let l(v) = 2*v**3 + 683*v**2 - 2427*v - 4187. Determine l(-345).
-47
Let y(v) = -36*v**2 - 456*v + 18. Give y(-13).
-138
Let c(i) = 731916*i - 6587246. Calculate c(9).
-2
Let i(x) = -688995*x + 13090899. Determine i(19).
-6
Let a(r) = 594*r + 1485. Calculate a(-3).
-297
Let j(p) = -4*p**2 + 870179*p - 1. What is j(0)?
-1
Let f(s) = -8*s**2 + 3903*s - 18800. What is f(483)?
37
Let z(d) = d**2 + 1391*d + 118307. Calculate z(-91).
7
Let b(l) = 12*l**3 - 40*l**2 + 72*l - 24. What is b(3)?
156
Let z(g) = 869*g + 6364. Give z(-6).
1150
Let m(j) = -588*j - 9019. Determine m(-16).
389
Let f(z) = z**3 + 26*z**2 - 58*z - 552. Give f(-26).
956
Let g(j) = j**3 + 8*j**2 + 2*j - 14. What is g(1)?
-3
Let c(b) = 13*b**2 + 10174*b - 55172. Determine c(-788).
-12
Let m(p) = -11253*p - 135066. Determine m(-12).
-30
Let h(n) = -n**3 + 661*n**2 + 5367*n. Give h(-8).
-120
Let y(j) = -j**3 + 9*j**2 + 126*j + 124. Determine y(18).
-524
Let b(x) = -16584*x + 6965279. Calculate b(420).
-1
Let t(s) = -3031*s - 63222. Determine t(-21).
429
Let u(b) = -2596*b - 3535. Calculate u(-3).
4253
Let n(p) = -294*p + 568. Calculate n(5).
-902
Let a(y) = -8*y**2 - 2723*y - 3703. Calculate a(-339).
26
Let d(f) = -52317*f + 104695. What is d(2)?
61
Let u(o) = o**3 + 116*o**2 - 1374*o + 3125. What is u(-127)?
204
Let c(y) = -5*y**2 - 810*y - 7031. What is c(-9)?
-146
Let g(f) = 2*f**2 + 82*f + 677. Calculate g(-13).
-51
Let v(z) = -43*z**3 - 36857*z**2 - 5138*z + 3404. What is v(-857)?
-24
Let l(z) = 16550*z - 1754284. Calculate l(106).
16
Let n(t) = -3*t**3 - 82*t**2 - 346*t + 159. What is n(-22)?
27
Let h(y) = -3935*y + 31503. Determine h(8).
23
Let m(q) = 3627*q + 80042. Determine m(-22).
248
Let o(p) = p**3 + p**2 + 4597*p + 129918. Give o(-25).
-7
Let b(z) = z**2 - 589*z - 14252. What is b(-23)?
-176
Let f(u) = u**3 - 30*u**2 + 199*u - 333. Give f(21).
-123
Let u(m) = -9*m**3 - 2086*m**2 + 459*m - 694. What is u(-232)?
466
Let a(z) = z**3 - 11*z**2 - 27935*z + 307171. What is a(11)?
-114
Let d(x) = 13*x**3 + 88*x**2 - 442*x - 2972. Determine d(-7).
-25
Let h(l) = -10*l**2 - 973*l + 506. Calculate h(-98).
-180
Let i(s) = 9*s**2 + 1290*s + 9013. What is i(-7)?
424
Let t(g) = g**3 - 58*g**2 - 188*g + 4094. Calculate t(60).
14
Let b(p) = -p**2 - 654*p + 33674. Calculate b(48).
-22
Let n(i) = -i**3 + 23*i**2 + 20176*i - 125. Determine n(154).
183
Let q(b) = -b**3 - 369*b**2 - 6647*b + 1042. Determine q(-350).
-8
Let f(z) = -8*z**2 - 818*z - 7. Determine f(0).
-7
Let i(r) = -r**3 + 13*r**2 + 225*r + 214. What is i(24)?
-722
Let x(q) = 2*q**3 - 120*q**2 + 2*q - 67. What is x(60)?
53
Let z(f) = f**3 - 72*f**2 + 530*f - 1209. Calculate z(64).
-57
Let b(w) = -4*w**2 - 279*w - 1103. Give b(-65).
132
Let a(d) = -3*d**2 - 1699*d - 95590. What is a(-503)?
-20
Let f(c) = 665*c - 4241. Calculate f(8).
1079
Let s(g) = 6*g**2 - 1892*g - 7551. Give s(-4).
113
Let a(x) = 240*x - 2647. What is a(12)?
233
Let t(g) = 26*g**3 + 183*g**2 + 4*g - 18. Determine t(-7).
3
Let l(i) = 3*i**2 + 1461*i - 103917. Determine l(63).
33
Let s(n) = 1940039*n + 3880070. Determine s(-2).
-8
Let b(d) = -1132*d - 19342. Give b(-17).
-98
Let h(q) = -q**3 - 95*q**2 - 341*q + 54. What is h(-4)?
-38
Let b(l) = -16*l**3 + 249*l**2 + 124*l - 200. Determine b(16).
-8
Let d(j) = 992*j**3 - 8922*j**2 - 52*j - 12. Give d(9).
6
Let f(h) = 570307*h + 1710916. What is f(-3)?
-5
Let g(n) = 278*n + 4468. Determine g(-23).
-1926
Let r(l) = l**3 - 23*l**2 + 10*l - 295. What is r(23)?
-65
Let w(l) = -l**3 - 3734*l**2 + 274038*l - 418. Calculate w(72).
14
Let x(k) = -k**2 + 1827*k + 176492. Give x(-92).
-56
Let u(r) = -r**3 + 141*r**2 - 4083*r + 129. Determine u(40).
-1591
Let x(h) = -57252*h - 3549635. Calculate x(-62).
-11
Let u(r) = 2*r**2 + 59*r - 6018. Calculate u(-78).
1548
Let v(a) = 2*a**3 + 15*a**2 + 1511*a + 7449. What is v(-5)?
19
Let m(s) = -33850*s - 135363. Calculate m(-4).
37
Let w(b) = -382836*b + 382830. Give w(1).
-6
Let g(x) = -28501*x + 199476. Give g(7).
-31
Let k(t) = -3*t**2 + 5991*t - 182664. Give k(31).
174
Let s(a) = -6*a**3 - 52*a**2 - 9*a + 75. What is s(-8)?
-109
Let q(r) = 14*r**3 + 10*r**2 - 41*r - 4. Calculate q(-4).
-576
Let b(u) = 13966*u - 1215049. Calculate b(87).
-7
Let u(c) = 539*c**2 + 3245*c + 60. Give u(-6).
-6
Let m(r) = r**2 - 52*r - 270. What is m(0)?
-270
Let b(j) = 30*j**3 + 172*j**2 + 169*j + 5. Give b(-1).
-22
Let x(h) = -13*h**2 - 547*h + 58. Give x(-43).
-458
Let i(w) = 10*w**3 - 47*w**2 + 526*w - 2000. Give i(4).
-8
Let c(s) = -556*s + 10407. Determine c(15).
2067
Let g(x) = -1748*x + 83928. Calculate g(48).
24
Let y(i) = -12*i**2 - 40092*i - 80114. Give y(-2).
22
Let c(n) = 11661*n - 2845287. Calculate c(244).
-3
Let i(y) = y**3 + 219*y**2 + 5486*y - 4554. Give i(-190).
6
Let r(d) = -10*d**2 - 16*d - 3648. Calculate r(0).
-3648
Let t(x) = x**3 + 111*x**2 + 2791*x + 398. What is t(-38)?
-248
Let p(i) = 5193*i + 155867. What is p(-30)?
77
Let z(j) = 29319*j + 29260359. Give z(-998).
-3
Let z(f) = f**3 + 89*f**2 + 451*f + 1958. Calculate z(-84).
-646
Let l(w) = 99*w**3 + 34*w**2 + 33*w - 3. Give l(-1).
-101
Let r(n) = -124*n**2 + 1501*n - 6008. What is r(4)?
-1988
Let q(p) = -12*p**2 - 3949*p + 11886. What is q(-332)?
266
Let w(v) = -2*v**3 - 948*v**2 - 2825*v + 472. Determine w(-471).
1
Let x(p) = -2*p**2 - 604*p - 13456. Determine x(-273).
2378
Let n(m) = 4*m**2 - 118*m - 9638. Determine n(66).
-2
Let s(i) = -1148*i + 1239. Give s(1).
91
Let s(f) = 267606*f - 11239470. Give s(42).
-18
Let f(v) = -369*v - 19132. Calculate f(-51).
-313
Let r(h) = 435*h + 5923. Give r(-13).
268
Let l(t) = 164*t + 12191. What is l(-81)?
-1093
Let n(c) = -188127*c + 16555176. Give n(88).
0
Let w(h) = -293737*h + 1762390. Give w(6).
-32
Let a(r) = r**2 + 23082*r + 20176499. What is a(-910)?
-21
Let i(l) = 7*l**3 + 249*l**2 + 137*l + 210. What is i(-35)?
315
Let h(z) = z**3 - 57*z**2 + 20979*z - 1195810. What is h(57)?
-7
Let g(s) = -s**2 + 7873*s + 1359074. Determine g(-169).
-24
Let r(x) = x**2 - 27649*x + 387104. What is r(14)?
214
Let h(x) = x**3 - 264*x**2 - 527*x + 80. What is h(266)?
1410
Let s(a) = 19153*a**2 + 114934*a + 13. Calculate s(-6).
-83
Let m(q) = -1027*q + 123213. Give m(120).
-27
Let o(z) = -37*z**2 - 31*z + 239. Calculate o(6).
-1279
Let d(b) = 1743*b + 29655. Determine d(-17).
24
Let y(s) = 7*s**2 - 184*s - 5148. Calculate y(-17).
3
Let h(v) = 2*v**2 + 189*v + 605. Give h(-77).
-2090
Let d(o) = 550*o + 1107. Calculate d(-2).
7
Let d(o) = 16302*o - 244537. Calculate d(15).
-7
Let o(f) = f**3 + 2*f**2 + 642*f + 3271. Calculate o(-5).
-14
Let c(u) = 246*u**3 + 3*u**2 + 25*u + 21. Calculate c(-1).
-247
Let k(n) = 35*n**2 + 47*n + 505. Calculate k(0).
505
Let d(c) = 18*c**2 - 430*c + 1853. Give d(18).
-55
Let g(v) = 298*v + 2309. What is g(-7)?
223
Let a(x) = 524*x - 83468. Give a(159).
-152
Let n(m) = 167598*m + 1843589. What is n(-11)?
11
Let f(b) = 395*b - 1592. Calculate f(4).
-12
Let o(u) = u**3 + 16*u**2 + 21*u + 408. Give o(-9).
786
Let v(o) = 14*o**2 - 81*o + 820. Determine v(10).
1410
Let q(x) = x**3 - 91*x**2 - 6662*x + 24315. Determine q(138).
27
Let w(g) = -4*g**2 - 192*g - 406. Calculate w(-46).
-38
Let j(o) = 11*o**3 - 106*o**2 + 250*o - 65. Give j(2).
99
Let n(f) = -7321*f**2 - 58555*f + 56. What is n(-8)?
-48
Let m(w) = 76*w**2 - 23*w - 55. Calculate m(4).
1069
Let t(w) = 40*w**2 - 13332*w - 22777. What is t(335)?
3
Let z(g) = g**2 - 363*g + 12653. Give z(37).
591
Let w(q) = -q**3 + 142*q**2 - 637*q + 7. Give w(5).
247
Let g(s